{"id":16462,"date":"2025-02-01T15:16:23","date_gmt":"2025-02-01T14:16:23","guid":{"rendered":"https:\/\/skischule-adelboden.ch\/?page_id=16462"},"modified":"2025-03-15T15:14:07","modified_gmt":"2025-03-15T14:14:07","slug":"bssv","status":"publish","type":"page","link":"https:\/\/skischule-adelboden.ch\/fr\/bssv\/","title":{"rendered":"61e rencontre BSSV Adelboden"},"content":{"rendered":"<section class=\"l-section wpb_row headerbild height_auto width_full\"><div class=\"l-section-h i-cf\"><div class=\"g-cols vc_row via_flex valign_top type_default stacking_default\"><div class=\"vc_col-sm-12 wpb_column vc_column_container\"><div class=\"vc_column-inner\"><div class=\"wpb_wrapper\"><div class=\"w-image align_center\"><div url class=\"w-image-h\"><img width=\"1920\" height=\"600\" src=\"https:\/\/skischule-adelboden.ch\/wp-content\/uploads\/2024\/08\/Slider-Gruppe-auf-Berg.jpg\" class=\"attachment-full size-full\" alt=\"\" decoding=\"async\" loading=\"lazy\" srcset=\"https:\/\/skischule-adelboden.ch\/wp-content\/uploads\/2024\/08\/Slider-Gruppe-auf-Berg.jpg 1920w, https:\/\/skischule-adelboden.ch\/wp-content\/uploads\/2024\/08\/Slider-Gruppe-auf-Berg-300x94.jpg 300w, https:\/\/skischule-adelboden.ch\/wp-content\/uploads\/2024\/08\/Slider-Gruppe-auf-Berg-1024x320.jpg 1024w, https:\/\/skischule-adelboden.ch\/wp-content\/uploads\/2024\/08\/Slider-Gruppe-auf-Berg-600x188.jpg 600w, https:\/\/skischule-adelboden.ch\/wp-content\/uploads\/2024\/08\/Slider-Gruppe-auf-Berg-200x63.jpg 200w\" sizes=\"(max-width: 1920px) 100vw, 1920px\" \/><\/div><\/div><\/div><\/div><\/div><\/div><\/div><\/section><!-- Row Backgrounds --><div class=\"upb_color\" data-bg-override=\"0\" data-bg-color=\"\" data-fadeout=\"\" data-fadeout-percentage=\"30\" data-parallax-content=\"\" data-parallax-content-sense=\"30\" data-row-effect-mobile-disable=\"true\" data-img-parallax-mobile-disable=\"true\" data-rtl=\"false\"  data-custom-vc-row=\"\"  data-vc=\"6.13.0\"  data-is_old_vc=\"\"  data-theme-support=\"\"   data-overlay=\"false\" data-overlay-color=\"\" data-overlay-pattern=\"\" data-overlay-pattern-opacity=\"\" data-overlay-pattern-size=\"\"    ><\/div><section class=\"l-section wpb_row height_small\"><div class=\"l-section-h i-cf\"><div class=\"g-cols vc_row via_flex valign_top type_default stacking_default\"><div class=\"vc_col-sm-12 wpb_column vc_column_container\"><div class=\"vc_column-inner\"><div class=\"wpb_wrapper\"><div class=\"wpb_text_column\"><div class=\"wpb_wrapper\"><h1>61e rencontre bernoise des \u00e9coles de ski et des professeurs de sports de neige 08 mars 2025<\/h1>\n<\/div><\/div><div class=\"ult-spacer spacer-6a9c5387290b0\" data-id=\"6a9c5387290b0\" data-height=\"50\" data-height-mobile=\"50\" data-height-tab=\"50\" data-height-tab-portrait=\"\" data-height-mobile-landscape=\"\" style=\"clear:both;display:block;\"><\/div><div class=\"wpb_text_column\"><div class=\"wpb_wrapper\"><p>Un grand merci \u00e0 tous les professeurs de sports de neige, aux sponsors, aux partenaires et aux b\u00e9n\u00e9voles !<\/p>\n<\/div><\/div><\/div><\/div><\/div><\/div><\/div><\/section><section class=\"l-section wpb_row hoverbox height_medium\"><div class=\"l-section-h i-cf\"><div class=\"g-cols vc_row via_flex valign_top type_default stacking_default\" style=\"--additional-gap:30px;\"><div class=\"vc_col-sm-4 wpb_column vc_column_container has_text_color has_bg_color\"><div class=\"vc_column-inner us_custom_de086ade\"><div class=\"wpb_wrapper\"><div class=\"w-image has_ratio align_none\"><div url class=\"w-image-h\"><div style=\"padding-bottom:56.25%\"><\/div><img width=\"450\" height=\"450\" src=\"https:\/\/skischule-adelboden.ch\/wp-content\/uploads\/2025\/03\/BSSV2025Adelboden_Prizegiving-13-450x450.jpg\" class=\"attachment-us_450_450_crop size-us_450_450_crop\" alt=\"\" decoding=\"async\" loading=\"lazy\" srcset=\"https:\/\/skischule-adelboden.ch\/wp-content\/uploads\/2025\/03\/BSSV2025Adelboden_Prizegiving-13-450x450.jpg 450w, https:\/\/skischule-adelboden.ch\/wp-content\/uploads\/2025\/03\/BSSV2025Adelboden_Prizegiving-13-150x150.jpg 150w, https:\/\/skischule-adelboden.ch\/wp-content\/uploads\/2025\/03\/BSSV2025Adelboden_Prizegiving-13-100x100.jpg 100w\" sizes=\"(max-width: 450px) 100vw, 450px\" \/><\/div><\/div><div class=\"wpb_text_column us_custom_3188818e\"><div class=\"wpb_wrapper\"><p>Toutes nos f\u00e9licitations \u00e0 tous les professeurs de sports de neige !<\/p>\n<\/div><\/div><div class=\"w-separator size_small\"><\/div><div class=\"w-btn-wrapper align_none\"><a class=\"w-btn us-btn-style_1\" target=\"_blank\" href=\"https:\/\/skischule-adelboden.ch\/wp-content\/uploads\/2025\/03\/Gesamtrangliste-BSSV-Treffen-2025.pdf\"><span class=\"w-btn-label\">Classement g\u00e9n\u00e9ral<\/span><\/a><\/div><\/div><\/div><\/div><div class=\"vc_col-sm-4 wpb_column vc_column_container has_text_color has_bg_color\"><div class=\"vc_column-inner us_custom_de086ade\"><div class=\"wpb_wrapper\"><div class=\"w-image has_ratio align_none\"><div url class=\"w-image-h\"><div style=\"padding-bottom:56.25%\"><\/div><img width=\"400\" height=\"284\" src=\"https:\/\/skischule-adelboden.ch\/wp-content\/uploads\/2025\/03\/BSSV2025Adelboden_Demo-45-400x284-1.jpg\" class=\"attachment-us_450_450_crop size-us_450_450_crop\" alt=\"\" decoding=\"async\" loading=\"lazy\" srcset=\"https:\/\/skischule-adelboden.ch\/wp-content\/uploads\/2025\/03\/BSSV2025Adelboden_Demo-45-400x284-1.jpg 400w, https:\/\/skischule-adelboden.ch\/wp-content\/uploads\/2025\/03\/BSSV2025Adelboden_Demo-45-400x284-1-300x213.jpg 300w, https:\/\/skischule-adelboden.ch\/wp-content\/uploads\/2025\/03\/BSSV2025Adelboden_Demo-45-400x284-1-18x12.jpg 18w, https:\/\/skischule-adelboden.ch\/wp-content\/uploads\/2025\/03\/BSSV2025Adelboden_Demo-45-400x284-1-282x200.jpg 282w, https:\/\/skischule-adelboden.ch\/wp-content\/uploads\/2025\/03\/BSSV2025Adelboden_Demo-45-400x284-1-200x142.jpg 200w\" sizes=\"(max-width: 400px) 100vw, 400px\" \/><\/div><\/div><div class=\"wpb_text_column us_custom_3188818e\"><div class=\"wpb_wrapper\"><p>Photos de la 61e rencontre de la BSSV \u00e0 Adelboden<\/p>\n<\/div><\/div><div class=\"w-separator size_small\"><\/div><div class=\"w-btn-wrapper align_none\"><a class=\"w-btn us-btn-style_1\" target=\"_blank\" href=\"https:\/\/momentumlab.ch\/berner-meisterschaft-2025\/\"><span class=\"w-btn-label\">Photos<\/span><\/a><\/div><\/div><\/div><\/div><div class=\"vc_col-sm-4 wpb_column vc_column_container has_text_color has_bg_color\"><div class=\"vc_column-inner us_custom_de086ade\"><div class=\"wpb_wrapper\"><div class=\"w-image has_ratio align_none\"><div url class=\"w-image-h\"><div style=\"padding-bottom:56.25%\"><\/div><img width=\"450\" height=\"450\" src=\"https:\/\/skischule-adelboden.ch\/wp-content\/uploads\/2025\/03\/BSSV2025Adelboden_Taster-10-450x450.jpg\" class=\"attachment-us_450_450_crop size-us_450_450_crop\" alt=\"\" decoding=\"async\" loading=\"lazy\" srcset=\"https:\/\/skischule-adelboden.ch\/wp-content\/uploads\/2025\/03\/BSSV2025Adelboden_Taster-10-450x450.jpg 450w, https:\/\/skischule-adelboden.ch\/wp-content\/uploads\/2025\/03\/BSSV2025Adelboden_Taster-10-150x150.jpg 150w, https:\/\/skischule-adelboden.ch\/wp-content\/uploads\/2025\/03\/BSSV2025Adelboden_Taster-10-100x100.jpg 100w\" sizes=\"(max-width: 450px) 100vw, 450px\" \/><\/div><\/div><div class=\"wpb_text_column us_custom_3188818e\"><div class=\"wpb_wrapper\"><p>Vid\u00e9o de la 61e rencontre de la BSSV \u00e0 Adelboden<\/p>\n<\/div><\/div><div class=\"w-separator size_small\"><\/div><div class=\"w-btn-wrapper align_none\"><a class=\"w-btn us-btn-style_1\" target=\"_blank\" href=\"https:\/\/www.youtube.com\/watch?v=Di8ngUqWCIQ\"><span class=\"w-btn-label\">Vid\u00e9o<\/span><\/a><\/div><\/div><\/div><\/div><\/div><\/div><\/section>","protected":false},"excerpt":{"rendered":"61e Rencontre des \u00e9coles de ski et des moniteurs de sports de neige bernois 08 mars 2025 Un grand merci \u00e0 tous les moniteurs et monitrices de sports de neige, sponsors, partenaires et aides ! F\u00e9licitations \u00e0 tous les moniteurs et monitrices de sports de neige ! Classement g\u00e9n\u00e9ralPhotos de la 61e rencontre de l'ABSSV \u00e0 Adelboden PhotosVid\u00e9o de la 61e rencontre de l'ABSSV \u00e0 Adelboden Vid\u00e9o","protected":false},"author":10,"featured_media":0,"parent":0,"menu_order":0,"comment_status":"closed","ping_status":"closed","template":"","meta":{"footnotes":""},"acf":[],"aioseo_notices":[],"_links":{"self":[{"href":"https:\/\/skischule-adelboden.ch\/fr\/wp-json\/wp\/v2\/pages\/16462"}],"collection":[{"href":"https:\/\/skischule-adelboden.ch\/fr\/wp-json\/wp\/v2\/pages"}],"about":[{"href":"https:\/\/skischule-adelboden.ch\/fr\/wp-json\/wp\/v2\/types\/page"}],"author":[{"embeddable":true,"href":"https:\/\/skischule-adelboden.ch\/fr\/wp-json\/wp\/v2\/users\/10"}],"replies":[{"embeddable":true,"href":"https:\/\/skischule-adelboden.ch\/fr\/wp-json\/wp\/v2\/comments?post=16462"}],"version-history":[{"count":33,"href":"https:\/\/skischule-adelboden.ch\/fr\/wp-json\/wp\/v2\/pages\/16462\/revisions"}],"predecessor-version":[{"id":16548,"href":"https:\/\/skischule-adelboden.ch\/fr\/wp-json\/wp\/v2\/pages\/16462\/revisions\/16548"}],"wp:attachment":[{"href":"https:\/\/skischule-adelboden.ch\/fr\/wp-json\/wp\/v2\/media?parent=16462"}],"curies":[{"name":"wp","href":"https:\/\/api.w.org\/{rel}","templated":true}]}}

<section class="l-section wpb_row headerbild height_auto width_full"><div class="l-section-h i-cf"><div class="g-cols vc_row via_flex valign_top type_default stacking_default"><div class="vc_col-sm-12 wpb_column vc_column_container"><div class="vc_column-inner"><div class="wpb_wrapper"><div class="w-image align_center"><div url class="w-image-h"><img width="1920" height="600" src="https://skischule-adelboden.ch/wp-content/uploads/2024/08/Slider-Gruppe-auf-Berg.jpg" class="attachment-full size-full" alt="" decoding="async" loading="lazy" srcset="https://skischule-adelboden.ch/wp-content/uploads/2024/08/Slider-Gruppe-auf-Berg.jpg 1920w, https://skischule-adelboden.ch/wp-content/uploads/2024/08/Slider-Gruppe-auf-Berg-300x94.jpg 300w, https://skischule-adelboden.ch/wp-content/uploads/2024/08/Slider-Gruppe-auf-Berg-1024x320.jpg 1024w, https://skischule-adelboden.ch/wp-content/uploads/2024/08/Slider-Gruppe-auf-Berg-600x188.jpg 600w, https://skischule-adelboden.ch/wp-content/uploads/2024/08/Slider-Gruppe-auf-Berg-200x63.jpg 200w" sizes="(max-width: 1920px) 100vw, 1920px" /></div></div></div></div></div></div></div></section><!-- Row Backgrounds --><div class="upb_color" data-bg-override="0" data-bg-color="" data-fadeout="" data-fadeout-percentage="30" data-parallax-content="" data-parallax-content-sense="30" data-row-effect-mobile-disable="true" data-img-parallax-mobile-disable="true" data-rtl="false"  data-custom-vc-row=""  data-vc="6.13.0"  data-is_old_vc=""  data-theme-support=""   data-overlay="false" data-overlay-color="" data-overlay-pattern="" data-overlay-pattern-opacity="" data-overlay-pattern-size=""    ></div><section class="l-section wpb_row height_small"><div class="l-section-h i-cf"><div class="g-cols vc_row via_flex valign_top type_default stacking_default"><div class="vc_col-sm-12 wpb_column vc_column_container"><div class="vc_column-inner"><div class="wpb_wrapper"><div class="wpb_text_column"><div class="wpb_wrapper"><h1>61e rencontre bernoise des écoles de ski et des professeurs de sports de neige 08 mars 2025</h1>
</div></div><div class="ult-spacer spacer-6a9c5387290b0" data-id="6a9c5387290b0" data-height="50" data-height-mobile="50" data-height-tab="50" data-height-tab-portrait="" data-height-mobile-landscape="" style="clear:both;display:block;"></div><div class="wpb_text_column"><div class="wpb_wrapper"><p>Un grand merci à tous les professeurs de sports de neige, aux sponsors, aux partenaires et aux bénévoles !</p>
</div></div></div></div></div></div></div></section><section class="l-section wpb_row hoverbox height_medium"><div class="l-section-h i-cf"><div class="g-cols vc_row via_flex valign_top type_default stacking_default" style="--additional-gap:30px;"><div class="vc_col-sm-4 wpb_column vc_column_container has_text_color has_bg_color"><div class="vc_column-inner us_custom_de086ade"><div class="wpb_wrapper"><div class="w-image has_ratio align_none"><div url class="w-image-h"><div style="padding-bottom:56.25%"></div><img width="450" height="450" src="https://skischule-adelboden.ch/wp-content/uploads/2025/03/BSSV2025Adelboden_Prizegiving-13-450x450.jpg" class="attachment-us_450_450_crop size-us_450_450_crop" alt="" decoding="async" loading="lazy" srcset="https://skischule-adelboden.ch/wp-content/uploads/2025/03/BSSV2025Adelboden_Prizegiving-13-450x450.jpg 450w, https://skischule-adelboden.ch/wp-content/uploads/2025/03/BSSV2025Adelboden_Prizegiving-13-150x150.jpg 150w, https://skischule-adelboden.ch/wp-content/uploads/2025/03/BSSV2025Adelboden_Prizegiving-13-100x100.jpg 100w" sizes="(max-width: 450px) 100vw, 450px" /></div></div><div class="wpb_text_column us_custom_3188818e"><div class="wpb_wrapper"><p>Toutes nos félicitations à tous les professeurs de sports de neige !</p>
</div></div><div class="w-separator size_small"></div><div class="w-btn-wrapper align_none"><a class="w-btn us-btn-style_1" target="_blank" href="https://skischule-adelboden.ch/wp-content/uploads/2025/03/Gesamtrangliste-BSSV-Treffen-2025.pdf"><span class="w-btn-label">Classement général</span></a></div></div></div></div><div class="vc_col-sm-4 wpb_column vc_column_container has_text_color has_bg_color"><div class="vc_column-inner us_custom_de086ade"><div class="wpb_wrapper"><div class="w-image has_ratio align_none"><div url class="w-image-h"><div style="padding-bottom:56.25%"></div><img width="400" height="284" src="https://skischule-adelboden.ch/wp-content/uploads/2025/03/BSSV2025Adelboden_Demo-45-400x284-1.jpg" class="attachment-us_450_450_crop size-us_450_450_crop" alt="" decoding="async" loading="lazy" srcset="https://skischule-adelboden.ch/wp-content/uploads/2025/03/BSSV2025Adelboden_Demo-45-400x284-1.jpg 400w, https://skischule-adelboden.ch/wp-content/uploads/2025/03/BSSV2025Adelboden_Demo-45-400x284-1-300x213.jpg 300w, https://skischule-adelboden.ch/wp-content/uploads/2025/03/BSSV2025Adelboden_Demo-45-400x284-1-18x12.jpg 18w, https://skischule-adelboden.ch/wp-content/uploads/2025/03/BSSV2025Adelboden_Demo-45-400x284-1-282x200.jpg 282w, https://skischule-adelboden.ch/wp-content/uploads/2025/03/BSSV2025Adelboden_Demo-45-400x284-1-200x142.jpg 200w" sizes="(max-width: 400px) 100vw, 400px" /></div></div><div class="wpb_text_column us_custom_3188818e"><div class="wpb_wrapper"><p>Photos de la 61e rencontre de la BSSV à Adelboden</p>
</div></div><div class="w-separator size_small"></div><div class="w-btn-wrapper align_none"><a class="w-btn us-btn-style_1" target="_blank" href="https://momentumlab.ch/berner-meisterschaft-2025/"><span class="w-btn-label">Photos</span></a></div></div></div></div><div class="vc_col-sm-4 wpb_column vc_column_container has_text_color has_bg_color"><div class="vc_column-inner us_custom_de086ade"><div class="wpb_wrapper"><div class="w-image has_ratio align_none"><div url class="w-image-h"><div style="padding-bottom:56.25%"></div><img width="450" height="450" src="https://skischule-adelboden.ch/wp-content/uploads/2025/03/BSSV2025Adelboden_Taster-10-450x450.jpg" class="attachment-us_450_450_crop size-us_450_450_crop" alt="" decoding="async" loading="lazy" srcset="https://skischule-adelboden.ch/wp-content/uploads/2025/03/BSSV2025Adelboden_Taster-10-450x450.jpg 450w, https://skischule-adelboden.ch/wp-content/uploads/2025/03/BSSV2025Adelboden_Taster-10-150x150.jpg 150w, https://skischule-adelboden.ch/wp-content/uploads/2025/03/BSSV2025Adelboden_Taster-10-100x100.jpg 100w" sizes="(max-width: 450px) 100vw, 450px" /></div></div><div class="wpb_text_column us_custom_3188818e"><div class="wpb_wrapper"><p>Vidéo de la 61e rencontre de la BSSV à Adelboden</p>
</div></div><div class="w-separator size_small"></div><div class="w-btn-wrapper align_none"><a class="w-btn us-btn-style_1" target="_blank" href="https://www.youtube.com/watch?v=Di8ngUqWCIQ"><span class="w-btn-label">Vidéo</span></a></div></div></div></div></div></div></section>

61e Rencontre des écoles de ski et des moniteurs de sports de neige bernois 08 mars 2025 Un grand merci à tous les moniteurs et monitrices de sports de neige, sponsors, partenaires et aides ! Félicitations à tous les moniteurs et monitrices de sports de neige ! Classement généralPhotos de la 61e rencontre de l'ABSSV à Adelboden PhotosVidéo de la 61e rencontre de l'ABSSV à Adelboden Vidéo
